). Give k(g).
1
Let s = 10 + -5. Let o(l) = l - 1. Let d = -6 - -7. Let p(j) = 8*j - 4. Let u(y) = d*p(y) - 10*o(y). Calculate u(s).
-4
Let v be (7 + -7)*(-2)/4. Let y be -1 + 7 + -2 + v. Let p(h) = -h**3 + 5*h**2 - 5*h + 4. What is p(y)?
0
Let o(a) = -3*a + 33. Let u be o(11). Let p(j) = j**3 - 1. Give p(u).
-1
Let p = -10 - -11. Let w(c) = 6*c - 2 - p + 6*c**2 + 8 + c**3. What is w(-5)?
0
Let f = -6 + 11. Let w(d) = f*d - 2*d - 1 - d + 0*d. Calculate w(-1).
-3
Let j(f) = -f**2 - 3*f - 1. Let m(t) = -2*t**2 - 7*t - 4. Let v be m(-4). Let w = 4 + v. Determine j(w).
-5
Let n(y) = 1 + 4 + 4*y + 0*y. What is n(-4)?
-11
Let s(r) = r**2 + 5*r + 5. Let g(b) = b**3 - 4*b**2 - 6*b. Let z be g(5). Let q = -10 - z. Give s(q).
5
Suppose 0 = -2*f + 46 - 44. Let o(x) = -3*x - 1. What is o(f)?
-4
Let v be (-1)/(-4) + 63/108. Let d(t) be the second derivative of 2*t - 1/12*t**4 - v*t**3 - 2*t**2 + 0. Give d(-5).
-4
Let z(y) = -20*y + 17. Let v(n) = 7*n - 6. Let x(w) = 17*v(w) + 6*z(w). Let s = 1 + -1. Suppose -6*g + 2*g = s. Calculate x(g).
0
Let c(h) = h**2 - 6*h + 4. Let m be c(6). Let b(w) = 1 - 2 - 3 - m*w - 1 - w**2. Let u = -11 - -7. Determine b(u).
-5
Let n = 11 - 6. Suppose 4*c - z = -n*z + 12, 5*c - 6 = -2*z. Let u(q) = -2*q**2 - q + 5*q**2 - 2*q**2. Determine u(c).
0
Let f(u) = -7*u**2 + 1. Let s(w) = w + 3. Let t be s(-2). Determine f(t).
-6
Let l(y) = 0 - 11*y + 7*y - 3 + 2. What is l(-4)?
15
Let b(h) be the first derivative of -1 - h**3 + 1/2*h**2 + 0*h + 1/4*h**4. Determine b(1).
-1
Let k(t) = -8*t - 1. Let m be (-2)/3 + (-24)/(-9). Suppose -3*l + 15 = v, 0*l + 4*l = m*v + 10. Let c be (4 - v) + (1 - 3). What is k(c)?
7
Let s = -1 - -12. Suppose -2*y + 2*w = -w + 21, y + s = 2*w. Let h be y/2 - 1/2. Let i(v) = -v + 3. Give i(h).
8
Let n(j) = -j**2 + 5*j + 2. Let i = -11 + 15. What is n(i)?
6
Suppose 3*q - 2*q = 2. Let z(o) = -4 + o**3 - 4 - 3*o + 3*o**q + 4. Give z(-3).
5
Let b(p) = 4*p - 6. Let j = 8 - 2. Let l(q) = 3*q - 7. Let z(i) = j*b(i) - 5*l(i). Calculate z(1).
8
Suppose -4*f + 29 = 9. Let q(v) be the third derivative of 3*v**2 - 1/12*v**f + 0*v - 1/120*v**6 - 1/6*v**3 + 0*v**4 + 0. What is q(-5)?
-1
Let n be 0 - (-7)/((-7)/(-2)). Suppose 3 = n*k - 3. Let x(p) = -p + 2. Give x(k).
-1
Let q(v) = v**2 - 1. Let d = -1 - 0. What is q(d)?
0
Let v(j) = 7*j**2 + 5*j + 5. Let a(r) = 1 - 7*r - 1 - 7 - 10*r**2. Let m(w) = -5*a(w) - 7*v(w). Let i be 18/81 + 50/18. Calculate m(i).
9
Let n(t) = -8*t**2 + 0*t**3 + t**3 + 0*t**2 + 9. Let v be n(8). Suppose -v + 1 = -2*l. Let u(m) = m**3 - 3*m**2 - m - 4. Calculate u(l).
8
Let g(x) = x**2 + 5*x + 1. Let q be g(-5). Let s(j) = -8*j**2. What is s(q)?
-8
Let y(p) = -4*p + 1. Let i be (-5)/(10/(-8)) + -1. Suppose -4*b = i*g + 11, 4*b = 2*b + g - 3. Calculate y(b).
9
Let z(t) = -3 - 7*t**2 + 2*t**2 + 2*t**2 + 2*t - t**3. Give z(-4).
5
Let d = 4 - 2. Let g(y) = 0 + 2*y**2 + 7 - 3*y**2 - 5*y - d. Calculate g(-5).
5
Let m(g) = 2*g**2 - 19*g + 15. Let x(l) = -3*l**2 + 29*l - 23. Let c(i) = -8*m(i) - 5*x(i). What is c(4)?
7
Let m be (-27)/(-6) + 2/(-4). Let c be 6/m - (-3)/6. Let h(t) = 3*t - 9*t - 5 - 2*t**2 + t**c. Determine h(-5).
0
Let a(g) = -g**3 - g**2 + 2. Suppose 4*v = 2*v. Give a(v).
2
Suppose 0 = -5*k + 2 - 7. Let j(x) = 4*x + 1. Determine j(k).
-3
Let z(u) = u**2 - 1. Let n(f) = -f**3 - 13*f**2 + 12*f + 7. Let x(o) = -n(o) - 3*z(o). What is x(-11)?
7
Let p(x) = -x**2 + 4*x - 1. Let u be p(4). Let c be 3/((-3)/u)*-1. Let z(s) be the first derivative of 3*s**2 + s + 1. What is z(c)?
-5
Let u(a) = -2*a - 7. Let t(l) = 3*l + 7. Let v(y) = 3*t(y) + 4*u(y). Let z be 2/(-4) - (-11)/22. Give v(z).
-7
Let s(u) = -u - 6. Suppose -3*d + 4*c - 6 - 31 = 0, -2*d - 23 = -c. What is s(d)?
5
Let t be 106/(-22) - (-2)/(-11). Let b = t - -4. Let v(z) = 2*z**2 + 9*z. Let n(d) = d**2 + 4*d. Let p(y) = 9*n(y) - 4*v(y). Give p(b).
1
Let w(j) = 2*j**3 - 9*j**2 + 3*j + 4. Let q(y) = y**3 - 8*y**2 + 2*y + 4. Let h(p) = -3*q(p) + 2*w(p). What is h(-6)?
-4
Let f(k) = -14 + 3 + 4*k - 2*k - 3*k. What is f(-10)?
-1
Let d(z) = -2*z + 73 - 73. What is d(-2)?
4
Let c(y) = y**3 + 4*y**2 - 4*y - 4. Suppose -w - 8 = -p, 2*p + 6*w - 2*w = -14. Suppose -2*u + 3 = g - 3, -2*g + p*u - 23 = 0. Calculate c(g).
12
Let b(v) = 11*v**3 + 2*v + 1. Let f be b(-1). Let q be (f/5)/(1/5). Let m be q/9*(-3)/2. Let u(i) = -4*i + 2. Determine u(m).
-6
Let v(t) = -t**3 + t**2 + 1. Let p(b) = 2*b**3 - b**2 - 3*b**2 - b + 3 + 2*b**2 - 4. Let y(i) = -p(i) - 3*v(i). Let g be ((-8)/10)/((-8)/20). What is y(g)?
4
Let y(v) = v**2 + v - 7. Let k(b) = -2*b**2 - b + 8. Let w(o) = -2*k(o) - 3*y(o). Suppose 0 = -q + 2*q. Give w(q).
5
Let l = 4 - 2. Let t be ((-1)/(-3))/(l/30). Suppose 14 = -4*v + 2*g, 8 = -3*v + t*v + 2*g. Let x(m) = m. Calculate x(v).
-1
Let h(z) = -z**3 - 15*z**2 - 15*z - 12. Suppose 8 = 4*w, -3*i = -8*i - 3*w - 64. What is h(i)?
2
Suppose -19 = 4*w - 127. Suppose -5*u + q + w = -q, 5*u = 3*q + 28. Let b(p) = -p**3 + 6*p**2 - 6*p - 1. Calculate b(u).
-6
Let p(t) = t**3 - 4*t**2 + 6*t**2 - 2 + 2*t**2. Let z = -12 + 24. Suppose z = -5*v + 2. Determine p(v).
6
Let r(f) = -5*f + 3 + 4*f - 2*f - f. Give r(2).
-5
Let b be 2/9 + 22/(-18). Let c(n) = 1. Let o(f) = f**2 - 5*f - 5. Let w be o(6). Let q(y) = -y. Let d(p) = w*c(p) - 6*q(p). Determine d(b).
-5
Let d(u) = -u**3 + 5*u**2 - u + 5. Let s be d(5). Let r(p) = 2*p - 4*p + s + 3*p - 3. Let l be (0 - 0) + -2 + 2. Give r(l).
-3
Let h(d) = -4*d - 4*d + 5 + d**2 - d + 1. Calculate h(6).
-12
Suppose 15 = 5*k - 2*k. Let s = 5 - k. Let y(x) = -2*x + x + s*x - 2. Give y(0).
-2
Let v(d) be the third derivative of d**4/24 + 5*d**3/6 - d**2. Suppose 6 = x - 2*x. Determine v(x).
-1
Let m(t) = t - 3. Suppose -10*c = -6*c - 24. What is m(c)?
3
Let z(b) = 5*b**3 - 10*b**2 + 4*b + 4. Let n(r) = 9*r**3 - 19*r**2 + 7*r + 8. Let l(a) = -6*n(a) + 11*z(a). Calculate l(-3).
-1
Let i(w) = w**2 - 8*w - 9. Let b be i(10). Let s(g) = g - 10. Let r be s(b). Let u = r - 2. Let n(y) = 3*y**2 - y. Calculate n(u).
4
Let j(t) = t**2 - 3*t + 2. Let k be j(3). Let g(m) = 3*m**k + m - m**2 + 0*m. Calculate g(-2).
6
Let s(n) = -7 + 7 - n**2 + 8*n - 7 + 1. Let v be s(7). Let m(f) = f**3 + 2*f**2 - 1. Give m(v).
2
Let k(h) be the third derivative of h**6/120 + 7*h**5/60 - h**4/12 - 3*h**3/2 - 15*h**2. Calculate k(-7).
5
Let k(y) = 3*y**2 + y - 2*y**2 + 0*y + 4*y - 1. Calculate k(-4).
-5
Let p(y) = y + 12 - 2*y - 10. Suppose -3*b + b = -2. Let n be (-1)/((-3)/9) + b. Determine p(n).
-2
Let a(i) = -3*i + 3. Suppose -y + 3*h = 1, -5*y + 18 - 4 = 4*h. What is a(y)?
-3
Suppose 0 = 2*m + 5*t, -m - 2*t = 3*m. Let s(n) be the second derivative of n + 1/6*n**3 + m + 0*n**2. Determine s(2).
2
Let b(d) = -2*d + 4*d - 3 - 5*d + 8*d. Let g be (-4)/(-10) + 16/10. Determine b(g).
7
Suppose -8 = t + t. Let c(u) = u. Let k be c(t). Let h(o) = -4 + 0 + 0*o - 4*o - o**2. What is h(k)?
-4
Let i(m) = 5*m**2 + 9*m - 6. Let w(s) = -3*s**2 + 10*s + 1. Let r(h) = 2*h**2 - 5*h - 1. Let t(k) = 7*r(k) + 4*w(k). Let d(y) = 3*i(y) - 7*t(y). Determine d(4).
-13
Let y(w) = 5*w + 4. Suppose -7*f - f + 24 = 0. Determine y(f).
19
Suppose 0 = -7*m + 2*m + 2*d + 972, -5*d = -20. Let r be (-2)/13 + m/91. Let p(c) = -2*c**3 + 3*c**2 - 1. Determine p(r).
-5
Let c(a) be the first derivative of 5*a**4/12 - a**3/6 - 3*a**2/2 + 1. Let s(v) be the second derivative of c(v). Determine s(1).
9
Let i(b) = -b**2 + b. Let z(x) = 2*x**2 - 8*x + 3. Let w(f) = -3*i(f) - z(f). Calculate w(-5).
-3
Let f(t) be the second derivative of -t**4/12 - 5*t**3/6 - t**2 + t. Let n(g) be the first derivative of f(g). Let k be (-21)/4 - 1/(-4). Determine n(k).
5
Let s(b) be the first derivative of -b - 1/3*b**3 - b**4 + 5 - 1/2*b**2. Calculate s(-1).
3
Let h(f) = f**3 - 3*f**2 + 2*f + 1. Let s = 5 + -5. Suppose 0 = 5*y - s*y + 20. Let b be (-4 - y) + (-4)/(-2). Determine h(b).
1
Let s(c) = c**3 - 9*c**2 + 7*c + 7. Let a be 2 + -1 + 6 - 8/(-8). Determine s(a).
-1
Let m(a) = -11*a**3 + 15*a**2 + 13*a + 12. Let c(v) = 5*v**3 - 7*v**2 - 6*v - 6. Let q(b) = -13*c(b) - 6*m(b). Let x = -11 - -11. Determine q(x).
6
Suppose -3*a - 7 = -4*a. Let k(d) = -d + 5. Let n be k(a). Let v(s) = 3*s - 2. Give v(n).
-8
Let b(h) = -h**3 - 4*h**2 - 2. Let z(s) = -s. Let v(o) = b(o) - 3*z(o). Suppose 0 = 2*l - 3*l. Suppose 